
Let p(m) = 1877*m**2 + 4*m + 5. Let j be p(-1). Suppose -4*a - j = -5*q - 2*a, -3*a = 4*q - 1484. What is the tens digit of q?
7
Let w(t) = 6*t**2 + 47*t - 1161. What is the ten thousands digit of w(-76)?
2
Let f(j) = 2*j**3 + 2*j**2 - 36*j + 75636. What is the thousands digit of f(0)?
5
What is the tens digit of (495420/(-575))/(((-208)/100 - -2)*5)?
5
Let l(m) be the third derivative of m**5/60 - 5*m**4/12 - 13*m**3/2 - 2*m**2 + 10*m. What is the tens digit of l(-9)?
3
Suppose 11*v = 9*v + 12. Suppose v*t + 6*t = 36. Suppose -89 = -7*o + 2*o + w, -t*o = -5*w - 71. What is the units digit of o?
7
Let m be (3 - (-1170)/(-42))*-14. Suppose -5*r + m = 3*t, -3*r = -2*r - 3. What is the units digit of t?
1
Let w = 451 + -240. Suppose v + 29 = w. What is the hundreds digit of v?
1
Suppose -31582 = -4*t - 2*h, 2*t - 5*h = 6*t - 31561. What is the tens digit of t?
9
Let m be 50/(-375) - (-154)/30. Let k be 18/(-4)*84/(-18). Suppose -3*v - 5*t = -t - 44, v - m*t - k = 0. What is the tens digit of v?
1
Let m(g) = 2*g**2 + 16*g + 19. Let o(t) = -17*t - 7. Let s be o(-1). Let y(a) = -a**2 + 6*a + 24. Let j be y(s). What is the hundreds digit of m(j)?
2
Suppose 1483 + 317 = -9*k. Let n = k + 536. What is the tens digit of n?
3
Let r(g) = g**2 - g. Let o(w) = 3*w**2 + 10*w - 28. Let p(i) = o(i) - 4*r(i). Let d be p(12). What is the units digit of (0 - d) + -2 - -4?
6
Let i = 118 - 113. Suppose -i*r = p - 3420, 2*r - p = -5*p + 1350. What is the hundreds digit of r?
6
Let g(h) = h**3 + 78*h**2 + 11*h - 21. What is the ten thousands digit of g(14)?
1
Let h be -18*(-2)/((-16)/(-2) - 2). Let m(q) = h + 18 + 0 + q - 3. What is the units digit of m(-8)?
3
Suppose 8 = 2*c + u, 5*u - 10*u + 10 = -5*c. Suppose c*z - 1417 = 1439. What is the thousands digit of z?
1
What is the thousands digit of ((-23)/((-1035)/137820))/(4/6)?
4
Let b = 226 - 227. What is the hundreds digit of (b - 0)*3/(-6)*778?
3
Suppose 0 = -96*z - 226*z + 5526486. What is the thousands digit of z?
7
Let r = -55 + 58. Suppose -r*i + 5*i = 2*s - 28, -5*s = -i - 74. Suppose 4*k = d + 248, 3*d = 3 - s. What is the units digit of k?
1
Let n(c) = 752*c**2 + 13*c + 12. Let d be n(-1). Suppose 5*s = -3*v + d - 46, 2*s + 705 = 3*v. What is the tens digit of v?
3
Let q = 91752 - 52841. What is the ten thousands digit of q?
3
Suppose 9*z + 11*z + 140 = 0. What is the units digit of (z/(-21))/(-1*1/(-948))?
6
Suppose 44*u + 8 = 46*u. Suppose -u*b = 15*f - 12*f - 4152, 0 = 5*f - 20. What is the tens digit of b?
3
Let y = 31354 - -6741. What is the ten thousands digit of y?
3
Let c = -49 + 51. Suppose -96 - 154 = -c*x. What is the tens digit of x?
2
Let v be 11/((11 - 5) + 3436/(-572)). Let y = v - -3133. What is the thousands digit of y?
1
Let q = 14080 + -4249. What is the tens digit of q?
3
Let c(f) = -33*f**3 + 4*f**2 + 4*f + 1. Let t be c(-2). Suppose -6*s + 3*s = t. Let m = s - -154. What is the tens digit of m?
6
Let n be 31 + -2 + 8 + -7. Suppose -3591 = -3*h - 3*y, 0 = n*y - 25*y. What is the tens digit of h?
9
Suppose 6838 = 39*c - 8684. What is the hundreds digit of c?
3
Let i(v) = v + 12. Let z be i(-17). Let h be (3 + (-22)/8)*(1 + z). What is the tens digit of 19 + -15 + 49 + h?
5
Suppose 2*s - 4*x - 5836 = 0, 3*s + x = 4*x + 8754. Let g = -1368 + s. What is the tens digit of 6/4*g/15?
5
Let c(w) be the third derivative of -5*w**2 + 0*w + 0 - 5/24*w**4 + 67/3*w**3. What is the units digit of c(0)?
4
What is the tens digit of (-42)/9*28368/(-14)?
5
Suppose -2192*k = -2205*k + 375440. What is the tens digit of k?
8
Suppose 28*k = 32*k - 376. Let r = k + -140. What is the tens digit of r*(-7)/2 + -2?
5
Let j(u) = -215*u - 96. Let i(k) = -3*k - 1. Let n(c) = -5*i(c) - j(c). What is the hundreds digit of n(4)?
0
Suppose 0 = -3*d + 67 + 134. Let z = 156 - 154. Suppose v - m - d = 0, -z*m + 87 = v + 11. What is the tens digit of v?
7
Let b(n) = n**2. Let x(v) = -2*v**3 - 9*v**2 - v. Let p(t) = 6*b(t) + x(t). Let d be p(-2). What is the units digit of (46/d)/((-13)/(-78))?
6
What is the hundreds digit of (-6 - 2715)/(-3*(40/(-44) + 1))?
9
Suppose 0 = -2*f + 3*l + 7197, -2*l + 2 = -0. Suppose 9*u = 21*u - f. What is the tens digit of u?
0
Suppose 5*v - 15 = 0, 7 = 4*b + 5*v - 0*v. Let m be b/5 + (-714)/15. Let o = 17 - m. What is the tens digit of o?
6
Let n be (-6 - -9 - 2)*-2. What is the units digit of n/4 + 1197/6?
9
Suppose -p + 715 = a, 8*a + 1430 = 10*a + 5*p. What is the hundreds digit of a?
7
Let b be (-1 - 9/(-6))*8. Suppose 0 = 6*n - b*n. Suppose -4*j + n*j = 5*u - 257, -4*j - u + 269 = 0. What is the units digit of j?
8
Suppose 111 = -4*o + 191. Suppose 4*j + c - 184 = 0, 10*c + o = 5*c. Let p = 67 - j. What is the units digit of p?
0
Let z(u) = 10058*u**3 + 14*u - 14. What is the ten thousands digit of z(1)?
1
Let b = 33 - 17. Suppose -6 = 2*v - 2*z, 2 - b = -2*v - 3*z. What is the units digit of (v - -53) + (2 - 1) + -3?
2
Let d be -6*2/(-72)*-6. Let z = 0 - 3. What is the units digit of ((140/(-8) + z)*2)/d?
1
Let g(r) = -r**2 - 14*r + 2. Let j be g(-8). Let n(m) = 5*m**2 - m. Let a be n(1). Suppose 6*p - a*p = j. What is the tens digit of p?
2
Suppose 77 - 155 = 13*a. What is the tens digit of (-4132)/6*9/a?
3
Let q = 2957 + -635. Suppose 7*z = q + 2564. What is the tens digit of z?
9
Suppose -5*d + 0*d + n = 90, -4*d - 72 = 4*n. Let w(l) = -l**3 - 17*l**2 - 22*l + 28. What is the units digit of w(d)?
8
What is the hundreds digit of (33 + 129192/120)/((-2)/(-55))?
5
Suppose -v = -5*h + 35552, 4*h - 17414 - 10994 = -4*v. What is the units digit of h?
9
Let c = 49 + -19. Let d(n) = -19 - c + 20 + 5*n. What is the units digit of d(19)?
6
Let w(a) be the first derivative of 3*a**2 + 220*a + 453. Suppose 0 = f + k, -3*f = k + 3*k. What is the units digit of w(f)?
0
Suppose -4*q - 4 = 4*m, 5*q + 3*m + 2 - 5 = 0. Let l(k) = 187*k + 103. What is the units digit of l(q)?
4
Let j(m) = -375*m - 247. Let s(b) = -560*b - 370. Let l(q) = -7*j(q) + 5*s(q). What is the units digit of l(-6)?
9
Suppose -76*o - 110565 = -5*r - 81*o, 3*o = 0. What is the ten thousands digit of r?
2
Let v(j) = 406*j - 398. What is the thousands digit of v(10)?
3
Suppose 5*z = -z + 7*z. Suppose -y + 9*y - 5080 = z. What is the tens digit of y?
3
Let x be ((-24)/(-10))/(2/(-10)). Let n(j) be the first derivative of j**4/4 + 4*j**3 - 8*j**2 - 29*j - 1849. What is the units digit of n(x)?
3
Let b be 36/15*(-1080)/16. Let t = b + 42. What is the units digit of t/2*4/(-6)?
0
Suppose -61*u - 472362 = -163*u. What is the thousands digit of u?
4
Let j(k) = -1325*k - 698. What is the thousands digit of j(-14)?
7
Let w(z) = -485*z**3 + 3*z**2 - 38*z - 80. What is the ten thousands digit of w(-5)?
6
Suppose -7*u - p + 20 = -4*u, -2*u + 4*p = 10. Let t(i) = 5*i - 23. Let x be t(u). Let n(z) = 30*z + 8. What is the units digit of n(x)?
8
Suppose 0 = -5*y + i - 75 - 62, -5*y = -5*i + 145. Let k(g) = -2*g - g**3 + 8 - 4*g - 5 - 27*g**2 + 14. What is the hundreds digit of k(y)?
1
Suppose -3263 = -5*h - 0*h - 2*o, -2*o = -h + 643. What is the units digit of h?
1
Suppose -22*g - 52 = -26*g. Suppose -887 = -5*i + 4*w, 0 = 11*i - g*i - 2*w + 362. What is the units digit of i?
9
Let u(b) = 114*b - 316. Let q(t) = -29*t + 79. Let m(o) = -22*q(o) - 6*u(o). What is the tens digit of m(3)?
2
Let a(r) = 2*r**2 - 3*r - 30. Let g(d) = 2*d**2 - 4*d - 30. Let c(w) = 3*a(w) - 2*g(w). Let l be c(-9). Suppose -37 = -2*j + l. What is the tens digit of j?
8
Let m(y) = -4*y**3 + 261*y**2 + 46*y - 129. What is the hundreds digit of m(63)?
4
Let m(g) = -g**3 + 6*g**2 + g + 12. Let i(y) = 10*y**2 - 2*y + 3. Let b(u) = -u**2. Let o(r) = 6*b(r) + i(r). Let t be o(1). What is the tens digit of m(t)?
4
Let u = 362 + -364. What is the tens digit of 48*(-32)/(-9)*(-3)/u?
5
Let h(k) = -41*k**3 + k**2 + 3*k + 2. Let g be h(-2). Let u = 508 - g. What is the tens digit of u?
8
Let r(f) = -268*f + 9*f**2 + 806*f - 265*f - 272*f - 2. Let b = 7 - 2. What is the hundreds digit of r(b)?
2
Let a(n) = n**3 + 22*n**2 + 3 + 8 + 11*n + 0*n**3. Let m be (-56)/64*4*6. What is the units digit of a(m)?
1
Let o = 27 + -27. Let a be 2*(-3 - -2) - o. Let b(g) = 18*g**2 + g - 4. What is the units digit of b(a)?
6
What is the thousands digit of -3933*((-1)/(-2) + 99/(-66))?
3
Let s(o) = 